{"id":7,"date":"2026-03-11T13:31:08","date_gmt":"2026-03-11T13:31:08","guid":{"rendered":"https:\/\/www.koehl-art.de\/?page_id=7"},"modified":"2026-03-12T10:56:05","modified_gmt":"2026-03-12T10:56:05","slug":"koehl-art","status":"publish","type":"page","link":"https:\/\/www.koehl-art.de\/","title":{"rendered":"K\u00d6HL ART"},"content":{"rendered":"\n<div class=\"wp-block-cover alignfull is-light has-contrast-color has-text-color has-link-color wp-elements-6bc3021364a20390397530df7012223c\" style=\"margin-top:0;margin-bottom:0;padding-top:var(--wp--preset--spacing--60);padding-right:var(--wp--preset--spacing--50);padding-bottom:var(--wp--preset--spacing--60);padding-left:var(--wp--preset--spacing--50)\"><span aria-hidden=\"true\" class=\"wp-block-cover__background has-base-background-color has-background-dim-100 has-background-dim\"><\/span><div class=\"wp-block-cover__inner-container has-global-padding is-layout-constrained wp-container-core-cover-is-layout-873ee6b1 wp-block-cover-is-layout-constrained\">\n<div class=\"wp-block-columns alignwide is-layout-flex wp-container-core-columns-is-layout-7ee84d44 wp-block-columns-is-layout-flex\">\n<div class=\"wp-block-column is-layout-flow wp-block-column-is-layout-flow\" style=\"flex-basis:65%\">\n<div class=\"wp-block-group is-vertical is-content-justification-stretch is-layout-flex wp-container-core-group-is-layout-353c4f5a wp-block-group-is-layout-flex\">\n<h2 class=\"wp-block-heading has-text-align-left\" style=\"font-size:clamp(8.042rem, 8.042rem + ((1vw - 0.2rem) * 25.378), 22rem);font-style:normal;font-weight:300;letter-spacing:-0.03em;line-height:1.4\">,<\/h2>\n\n\n\n<p class=\"is-style-text-subtitle\">K\u00d6HL ART<\/p>\n\n\n\n<p><\/p>\n\n\n\n<p>Steffen K\u00f6hl <\/p>\n\n\n\n<p>Stuttgart<\/p>\n<\/div>\n\n\n\n<p>E-Mail: <a href=\"mailto:steffen.koehl@koehl-art.de\">steffen.koehl@koehl-art.de<\/a><\/p>\n\n\n\n<p>WEB: <a href=\"http:\/\/www.koehl-art.de\">https:\/\/www.koehl-art.de<\/a><\/p>\n\n\n\n<p><\/p>\n<\/div>\n\n\n\n<div class=\"wp-block-column is-layout-flow wp-block-column-is-layout-flow\" style=\"flex-basis:35%\">\n<div class=\"wp-block-group is-vertical is-content-justification-stretch is-nowrap is-layout-flex wp-container-core-group-is-layout-73b0033c wp-block-group-is-layout-flex\">\n<figure class=\"wp-block-image size-full\"><img loading=\"lazy\" decoding=\"async\" width=\"620\" height=\"620\" src=\"https:\/\/www.koehl-art.de\/wp-content\/uploads\/2026\/03\/woman-splashing-water.webp\" alt=\"Frau am Strand, die mit Wasser spritzt.\" class=\"wp-image-8\" style=\"aspect-ratio:3\/4;object-fit:cover\" srcset=\"https:\/\/www.koehl-art.de\/wp-content\/uploads\/2026\/03\/woman-splashing-water.webp 620w, https:\/\/www.koehl-art.de\/wp-content\/uploads\/2026\/03\/woman-splashing-water-300x300.webp 300w, https:\/\/www.koehl-art.de\/wp-content\/uploads\/2026\/03\/woman-splashing-water-150x150.webp 150w\" sizes=\"auto, (max-width: 620px) 100vw, 620px\" \/><\/figure>\n\n\n\n<p class=\"has-text-align-right has-x-large-font-size\" style=\"line-height:1.2\"><a href=\"#\">Instagram<\/a><br><a href=\"#\">LinkedIn<\/a><br><a href=\"#\">Jetzt<\/a><\/p>\n<\/div>\n<\/div>\n<\/div>\n<\/div><\/div>\n","protected":false},"excerpt":{"rendered":"","protected":false},"author":1,"featured_media":0,"parent":0,"menu_order":0,"comment_status":"closed","ping_status":"closed","template":"","meta":{"footnotes":""},"class_list":["post-7","page","type-page","status-publish","hentry"],"yoast_head":"<!-- This site is optimized with the Yoast SEO plugin v27.5 - https:\/\/yoast.com\/product\/yoast-seo-wordpress\/ -->\n<title>K\u00d6HL ART - K\u00d6HL ART<\/title>\n<meta name=\"description\" content=\"Steffen K\u00f6hl ART in Stuttgart. Bei konkreten Anfragen schreiben Sie mir bitte eine E-Mail an: steffen.koehl@koehl-art.de\" \/>\n<meta name=\"robots\" content=\"index, follow, max-snippet:-1, max-image-preview:large, max-video-preview:-1\" \/>\n<link rel=\"canonical\" href=\"https:\/\/www.koehl-art.de\/\" \/>\n<meta property=\"og:locale\" content=\"de_DE\" \/>\n<meta property=\"og:type\" content=\"article\" \/>\n<meta property=\"og:title\" content=\"K\u00d6HL ART - K\u00d6HL ART\" \/>\n<meta property=\"og:description\" content=\"Steffen K\u00f6hl ART in Stuttgart. Bei konkreten Anfragen schreiben Sie mir bitte eine E-Mail an: steffen.koehl@koehl-art.de\" \/>\n<meta property=\"og:url\" content=\"https:\/\/www.koehl-art.de\/\" \/>\n<meta property=\"og:site_name\" content=\"K\u00d6HL ART\" \/>\n<meta property=\"article:modified_time\" content=\"2026-03-12T10:56:05+00:00\" \/>\n<meta property=\"og:image\" content=\"https:\/\/www.koehl-art.de\/wp-content\/uploads\/2026\/03\/woman-splashing-water.webp\" \/>\n\t<meta property=\"og:image:width\" content=\"620\" \/>\n\t<meta property=\"og:image:height\" content=\"620\" \/>\n\t<meta property=\"og:image:type\" content=\"image\/webp\" \/>\n<meta name=\"twitter:card\" content=\"summary_large_image\" \/>\n<meta name=\"twitter:label1\" content=\"Gesch\u00e4tzte Lesezeit\" \/>\n\t<meta name=\"twitter:data1\" content=\"1\u00a0Minute\" \/>\n<script type=\"application\/ld+json\" class=\"yoast-schema-graph\">{\"@context\":\"https:\\\/\\\/schema.org\",\"@graph\":[{\"@type\":\"WebPage\",\"@id\":\"https:\\\/\\\/www.koehl-art.de\\\/\",\"url\":\"https:\\\/\\\/www.koehl-art.de\\\/\",\"name\":\"K\u00d6HL ART - K\u00d6HL ART\",\"isPartOf\":{\"@id\":\"https:\\\/\\\/www.koehl-art.de\\\/#website\"},\"primaryImageOfPage\":{\"@id\":\"https:\\\/\\\/www.koehl-art.de\\\/#primaryimage\"},\"image\":{\"@id\":\"https:\\\/\\\/www.koehl-art.de\\\/#primaryimage\"},\"thumbnailUrl\":\"https:\\\/\\\/www.koehl-art.de\\\/wp-content\\\/uploads\\\/2026\\\/03\\\/woman-splashing-water.webp\",\"datePublished\":\"2026-03-11T13:31:08+00:00\",\"dateModified\":\"2026-03-12T10:56:05+00:00\",\"description\":\"Steffen K\u00f6hl ART in Stuttgart. Bei konkreten Anfragen schreiben Sie mir bitte eine E-Mail an: steffen.koehl@koehl-art.de\",\"breadcrumb\":{\"@id\":\"https:\\\/\\\/www.koehl-art.de\\\/#breadcrumb\"},\"inLanguage\":\"de\",\"potentialAction\":[{\"@type\":\"ReadAction\",\"target\":[\"https:\\\/\\\/www.koehl-art.de\\\/\"]}]},{\"@type\":\"ImageObject\",\"inLanguage\":\"de\",\"@id\":\"https:\\\/\\\/www.koehl-art.de\\\/#primaryimage\",\"url\":\"https:\\\/\\\/www.koehl-art.de\\\/wp-content\\\/uploads\\\/2026\\\/03\\\/woman-splashing-water.webp\",\"contentUrl\":\"https:\\\/\\\/www.koehl-art.de\\\/wp-content\\\/uploads\\\/2026\\\/03\\\/woman-splashing-water.webp\",\"width\":620,\"height\":620},{\"@type\":\"BreadcrumbList\",\"@id\":\"https:\\\/\\\/www.koehl-art.de\\\/#breadcrumb\",\"itemListElement\":[{\"@type\":\"ListItem\",\"position\":1,\"name\":\"Start\",\"item\":\"https:\\\/\\\/www.koehl-art.de\\\/\"},{\"@type\":\"ListItem\",\"position\":2,\"name\":\"K\u00d6HL ART\"}]},{\"@type\":\"WebSite\",\"@id\":\"https:\\\/\\\/www.koehl-art.de\\\/#website\",\"url\":\"https:\\\/\\\/www.koehl-art.de\\\/\",\"name\":\"K\u00d6HL ART\",\"description\":\"Steffen K\u00f6hl\",\"potentialAction\":[{\"@type\":\"SearchAction\",\"target\":{\"@type\":\"EntryPoint\",\"urlTemplate\":\"https:\\\/\\\/www.koehl-art.de\\\/?s={search_term_string}\"},\"query-input\":{\"@type\":\"PropertyValueSpecification\",\"valueRequired\":true,\"valueName\":\"search_term_string\"}}],\"inLanguage\":\"de\"}]}<\/script>\n<!-- \/ Yoast SEO plugin. -->","yoast_head_json":{"title":"K\u00d6HL ART - K\u00d6HL ART","description":"Steffen K\u00f6hl ART in Stuttgart. Bei konkreten Anfragen schreiben Sie mir bitte eine E-Mail an: steffen.koehl@koehl-art.de","robots":{"index":"index","follow":"follow","max-snippet":"max-snippet:-1","max-image-preview":"max-image-preview:large","max-video-preview":"max-video-preview:-1"},"canonical":"https:\/\/www.koehl-art.de\/","og_locale":"de_DE","og_type":"article","og_title":"K\u00d6HL ART - K\u00d6HL ART","og_description":"Steffen K\u00f6hl ART in Stuttgart. Bei konkreten Anfragen schreiben Sie mir bitte eine E-Mail an: steffen.koehl@koehl-art.de","og_url":"https:\/\/www.koehl-art.de\/","og_site_name":"K\u00d6HL ART","article_modified_time":"2026-03-12T10:56:05+00:00","og_image":[{"width":620,"height":620,"url":"https:\/\/www.koehl-art.de\/wp-content\/uploads\/2026\/03\/woman-splashing-water.webp","type":"image\/webp"}],"twitter_card":"summary_large_image","twitter_misc":{"Gesch\u00e4tzte Lesezeit":"1\u00a0Minute"},"schema":{"@context":"https:\/\/schema.org","@graph":[{"@type":"WebPage","@id":"https:\/\/www.koehl-art.de\/","url":"https:\/\/www.koehl-art.de\/","name":"K\u00d6HL ART - K\u00d6HL ART","isPartOf":{"@id":"https:\/\/www.koehl-art.de\/#website"},"primaryImageOfPage":{"@id":"https:\/\/www.koehl-art.de\/#primaryimage"},"image":{"@id":"https:\/\/www.koehl-art.de\/#primaryimage"},"thumbnailUrl":"https:\/\/www.koehl-art.de\/wp-content\/uploads\/2026\/03\/woman-splashing-water.webp","datePublished":"2026-03-11T13:31:08+00:00","dateModified":"2026-03-12T10:56:05+00:00","description":"Steffen K\u00f6hl ART in Stuttgart. Bei konkreten Anfragen schreiben Sie mir bitte eine E-Mail an: steffen.koehl@koehl-art.de","breadcrumb":{"@id":"https:\/\/www.koehl-art.de\/#breadcrumb"},"inLanguage":"de","potentialAction":[{"@type":"ReadAction","target":["https:\/\/www.koehl-art.de\/"]}]},{"@type":"ImageObject","inLanguage":"de","@id":"https:\/\/www.koehl-art.de\/#primaryimage","url":"https:\/\/www.koehl-art.de\/wp-content\/uploads\/2026\/03\/woman-splashing-water.webp","contentUrl":"https:\/\/www.koehl-art.de\/wp-content\/uploads\/2026\/03\/woman-splashing-water.webp","width":620,"height":620},{"@type":"BreadcrumbList","@id":"https:\/\/www.koehl-art.de\/#breadcrumb","itemListElement":[{"@type":"ListItem","position":1,"name":"Start","item":"https:\/\/www.koehl-art.de\/"},{"@type":"ListItem","position":2,"name":"K\u00d6HL ART"}]},{"@type":"WebSite","@id":"https:\/\/www.koehl-art.de\/#website","url":"https:\/\/www.koehl-art.de\/","name":"K\u00d6HL ART","description":"Steffen K\u00f6hl","potentialAction":[{"@type":"SearchAction","target":{"@type":"EntryPoint","urlTemplate":"https:\/\/www.koehl-art.de\/?s={search_term_string}"},"query-input":{"@type":"PropertyValueSpecification","valueRequired":true,"valueName":"search_term_string"}}],"inLanguage":"de"}]}},"_links":{"self":[{"href":"https:\/\/www.koehl-art.de\/index.php\/wp-json\/wp\/v2\/pages\/7","targetHints":{"allow":["GET"]}}],"collection":[{"href":"https:\/\/www.koehl-art.de\/index.php\/wp-json\/wp\/v2\/pages"}],"about":[{"href":"https:\/\/www.koehl-art.de\/index.php\/wp-json\/wp\/v2\/types\/page"}],"author":[{"embeddable":true,"href":"https:\/\/www.koehl-art.de\/index.php\/wp-json\/wp\/v2\/users\/1"}],"replies":[{"embeddable":true,"href":"https:\/\/www.koehl-art.de\/index.php\/wp-json\/wp\/v2\/comments?post=7"}],"version-history":[{"count":8,"href":"https:\/\/www.koehl-art.de\/index.php\/wp-json\/wp\/v2\/pages\/7\/revisions"}],"predecessor-version":[{"id":20,"href":"https:\/\/www.koehl-art.de\/index.php\/wp-json\/wp\/v2\/pages\/7\/revisions\/20"}],"wp:attachment":[{"href":"https:\/\/www.koehl-art.de\/index.php\/wp-json\/wp\/v2\/media?parent=7"}],"curies":[{"name":"wp","href":"https:\/\/api.w.org\/{rel}","templated":true}]}}